(4). Suppose 2*w - 3*w + 4*z + 1 = 0, -3*w + 68 = z. List the prime factors of (-18)/w*(o + -1).
2, 3
Let w = 22 - 16. Let t be ((-5)/(-2))/(w/(-12)). What are the prime factors of t/(-25) + (-44)/(-5)?
3
List the prime factors of (-1)/2*204/(-6).
17
Suppose 2*h - 6 = -h. Suppose 0 = -4*i - 3*j + 43, 0*j + 19 = h*i - j. What are the prime factors of i?
2, 5
Suppose -4*b = -3*j - 20, 3*j + 4 = -4*b - 0. Let f = b - -4. What are the prime factors of f?
2, 3
Let z(f) be the third derivative of -f**6/720 + f**5/12 + f**4/24 - 2*f**2. Let w(p) be the second derivative of z(p). List the prime factors of w(0).
2, 5
Let t(i) = -i**2 - 6*i - 2. Let n(x) = -2*x**2 - 5*x - 1. Let h(k) = -3*n(k) + 2*t(k). List the prime factors of h(-3).
2, 13
Let u = -34 + 20. What are the prime factors of (6/4)/(u/(-168))?
2, 3
Let w be (-3)/18*-2*33. Suppose 0*a + 3*m - w = -a, 2*m = 6. What are the prime factors of a?
2
Let f = 204 - 72. List the prime factors of f.
2, 3, 11
Let x(k) = 3*k**2 + 1. Suppose -2*f = 2*f - 4. Let n be x(f). Let z = 2 + n. What are the prime factors of z?
2, 3
Suppose 9 = 2*k - 1. Suppose k*z - 5*v + 0*v = 90, -68 = -4*z + 2*v. List the prime factors of z.
2
Suppose 34 = -3*t + 2*i, -t - t - 25 = i. List the prime factors of 18/63 - t/7.
2
Let l(q) = -2*q + 0 + 6*q + 0*q + 2. List the prime factors of l(7).
2, 3, 5
Suppose 70 = 5*g + 5*b - 0*b, -3*g = -b - 22. What are the prime factors of g?
3
Let k(p) be the first derivative of p**4/2 - 2*p**3/3 + p**2 - p + 2. Let h be k(1). Let d(z) = 16*z**2 + 2*z - 1. List the prime factors of d(h).
17
Suppose 0 = -w + 3*a + 56, 4*w - 2*a - 252 = 3*a. What are the prime factors of w?
2, 17
Let g(z) = 4*z - 3*z + 1 - 6 + 0. Suppose -d - f + 14 = d, -d + 7 = -3*f. What are the prime factors of g(d)?
2
Suppose 36 = -3*g + 7*g. List the prime factors of (-4)/(-6) - (-75)/g.
3
List the prime factors of ((-495)/(-25))/(6/40).
2, 3, 11
Suppose 5*t - 8 - 7 = 0. Suppose 6*r = t*r + 21. What are the prime factors of r?
7
Suppose p = -0*p - 2. What are the prime factors of ((-3)/p)/((-2)/(-12))?
3
Let b be 1*9 + -3 + 5. Let h(c) = c**2 + c + 4. Let d be h(-4). Let u = d - b. List the prime factors of u.
5
Let b be (-2)/3 + 16/6. Let f be b - (-2*3)/2. Suppose -f*i = 5 - 20. What are the prime factors of i?
3
List the prime factors of 2*(39/6 - 1).
11
Let k(w) = 53*w**2 + w. List the prime factors of k(-1).
2, 13
Let f(d) = d**3 + 2*d**2 - 4*d + 5. Let r be f(-4). What are the prime factors of 24/(-32)*(r + -1)?
3
Let x(o) be the third derivative of -o**6/120 + o**5/12 - 5*o**4/24 + o**3 + o**2. List the prime factors of x(4).
2
Suppose -57 = -g + 7. List the prime factors of g.
2
Let k = 3 + -7. Let w(l) = l**2 + 4*l + 4. Let p be w(k). Suppose 0 = p*x - 6 - 22. List the prime factors of x.
7
Let m(j) be the second derivative of j**5/60 - j**4/6 + j**3/6 + j. Let u(q) be the second derivative of m(q). List the prime factors of u(4).
2
What are the prime factors of 75/10*(-6)/(-5)?
3
Let n be (-96)/51 + (-2)/17. What are the prime factors of 32 + (-1 + n - -1)?
2, 3, 5
Let a(b) = -b + 1. Let o(z) = 2*z - 10. Let y(m) = a(m) - o(m). What are the prime factors of y(-6)?
29
Let f(c) = -c**2 + 12*c - 15. Let k be f(10). Suppose -3*d + 2*d + 9 = k*r, 0 = 5*d - 5*r - 105. What are the prime factors of d?
19
Let u = -4 - -9. Suppose -s + p = -2 - 5, p + 47 = u*s. List the prime factors of s.
2, 5
List the prime factors of 212/14 + 7/(-49).
3, 5
Let d(y) be the first derivative of -y**5/60 + 7*y**4/24 - 5*y**3/6 + y**2/2 - 2. Let x(o) be the second derivative of d(o). What are the prime factors of x(5)?
5
Suppose -4*v - 69 = 3*x - 26, -3*v - 12 = 0. Let z be 0/2 + x/(-3). Suppose -7 = -h + z*j, 4*h = 2*h + 3*j + 14. List the prime factors of h.
7
Suppose 199 + 221 = 2*l. What are the prime factors of l?
2, 3, 5, 7
Suppose 4*t - 7*t = -66. List the prime factors of t.
2, 11
What are the prime factors of (-6 - -96) + (2 - 1) + 2?
3, 31
Suppose -d + 4 - 2 = k, 2*d + 5*k - 4 = 0. List the prime factors of 3*(26/d - 3).
2, 3, 5
Let s be 1 - ((-3 - -2) + 2). Suppose -j = -2*f, 0 = 4*f - s*f + 3*j - 20. What are the prime factors of f?
2
Let v(s) = 2*s**2 - s + 3. Let o be v(4). Suppose k = o + 12. What are the prime factors of k?
43
Suppose 0*g + 32 = 2*g. Let j be ((-15)/10)/((-2)/g). Let x = 30 - j. List the prime factors of x.
2, 3
Let y(m) = 3*m + 9. Let l be y(-6). Let t(j) be the first derivative of j**3/3 + 7*j**2/2 - 13*j + 3. What are the prime factors of t(l)?
5
Let c(r) = 2*r**3 + r**2 - 4. Let t be c(-3). Let p = -7 - t. List the prime factors of p.
2, 3, 7
Let y be ((-3)/(-3) + 1)*2. Suppose -2*t = g - 12, -2*g + 2*t + y = -14. Suppose g = 4*q - 30. What are the prime factors of q?
2, 5
Suppose -4*f + 5*u = 4*u - 4, 2*f + 3*u + 12 = 0. Let d be (7 + (-2 - f))*1. What are the prime factors of 1*(d - 1) + 2?
2, 3
Let c(m) = 5*m**3 + 3*m**2 - 9*m - 7. List the prime factors of c(4).
5, 13
Let h(s) = -11*s - 1. List the prime factors of h(-3).
2
Let y be (-248)/(-24) - (-4)/6. Let a = -9 + y. What are the prime factors of a?
2
Let l = -4 + 3. Let t = 4 - l. Suppose -2*d - 2 - 15 = -a, 3*d + 57 = t*a. List the prime factors of a.
3
Suppose -3*v - 2*v - 25 = -5*m, 4*v - 7 = -5*m. Suppose 2*q = -3*f + 22, 2*f + m*q + 7 - 25 = 0. Suppose r = f*r - 25. What are the prime factors of r?
5
Suppose 70 - 13 = 3*h. Let t = h + -7. What are the prime factors of t?
2, 3
Let d = -13 + 16. Suppose 8*l = 3*l + 20, 2*f - 84 = -d*l. What are the prime factors of f?
2, 3
Let d = -13 + 15. Suppose -2*y - 3*n = y, 0 = 4*y + d*n - 4. List the prime factors of y.
2
Let q = 15 - 10. Suppose -5*m = 4*f - 30, q*f - 33 = -4*m + 9. List the prime factors of f.
2, 5
Suppose -747 = -6*c + 3*c - 3*l, 0 = -2*c + 2*l + 494. What are the prime factors of c?
2, 31
Let t be (-2)/((-4)/11)*10. Let p(b) = -b + 9. Let d be p(5). Suppose d*k + k = t. List the prime factors of k.
11
Let r(x) = x + 11. Let b be r(-13). List the prime factors of (b/1)/4*-20.
2, 5
Let t(g) = 11*g**3 + 1. Suppose a + 5*y + 19 = 0, 4*y + 16 = -4*a - y. What are the prime factors of t(a)?
2, 3
Let i(r) = 13*r**2 + r - 1. Let m be i(1). Suppose -f + 1 = 6, 3*k - 5*f = 37. Let a = m - k. What are the prime factors of a?
3
Suppose 0 = r - 5*r - 32. Let p = r + 20. Suppose 2*l = p - 2. List the prime factors of l.
5
Suppose 3*y + 0*y = 6. Let f be y/(-4) + 58/4. Let q = -8 + f. What are the prime factors of q?
2, 3
Let t = 3 + 1. Suppose 0 = t*f + 3*r - 19, -1 = -5*f + 2*r + 40. List the prime factors of f.
7
Let q(x) = 6*x**2 - 3*x**2 - 4 - x**2 - 2*x. Let v = 39 + -36. What are the prime factors of q(v)?
2
Let f be (-6)/15 - 196/10. Let x = f - -14. Let j(l) = -l**2 - 9*l - 7. List the prime factors of j(x).
11
Let r = 132 + -62. Suppose -4*l + r = 2*v, 4*v + 5*l = -0*l + 131. What are the prime factors of v?
29
Suppose 0 = -i + 3*g, g = -2*i - g. Suppose -2*m + r + 7 = 0, i = -3*m + 2*m - r + 5. Let k(w) = w**3 - 4*w**2 + w - 1. What are the prime factors of k(m)?
3
Let o(w) = -w**2 - 7*w - 9. Let s be o(-7). Let u be (12/s)/((-2)/6). What are the prime factors of u/6 - (-12)/9?
2
Let z(n) = n**2 + 10*n + 10. Let b be z(-9). Suppose -b - 1 = -3*g - 2*d, -5*g + 18 = -4*d. List the prime factors of g/2 - (1 - 3).
3
Let h(j) = -j**3 - 8*j**2 + 8*j - 21. What are the prime factors of h(-10)?
3, 11
Suppose 0 = -w - 3*u - 6, 0 = 3*w + 2*u + 21 + 18. Let v be w/6*(2 - 14). Suppose -2*b = -5*t - 2 - 9, 2*t = 4*b - v. What are the prime factors of b?
2
List the prime factors of 49 - ((-22)/55 + (-26)/10).
2, 13
Suppose -5*i + 17 = -2*h, 3*h - 20 - 7 = -3*i. Suppose -5*q - 3*r = 37 - 202, 0 = -q + i*r + 33. What are the prime factors of q?
3, 11
What are the prime factors of 249/(-3)*((1 - 3) + 1)?
83
Suppose -p + 11 = -4*w - 0, -3*p = 3*w - 3. Suppose 0 = -0*u + u - m - p, -10 = -4*u + 2*m. What are the prime factors of u?
2
Let q(g) = g**2 - 3*g. Suppose -5*s + 13 = -12, 4*h + 9 = 5*s. List the prime factors of q(h).
2
Suppose -2*c + 105 = -3*t, -4*c + 2*t + 235 = c. List the prime factors of c.
3, 5
Let m(v) = -v + 23. Let w be m(17). Let i be 481/4 - 1/4. Suppose w*x - i = x. What are the prime factors of x?
2, 3
Let b = 7 + -3. Let d be (-6)/4*(-8)/6. Suppose 75 = 5*g + b*k, d*g - 